7 - 4. Let o(t) = -7 - t**2 + 4*t**g + 8 + 0*t**2. What is o(1)?
4
Let k(r) = -3 + r**2 + 5 + 5*r - 9. Give k(-5).
-7
Let x(l) = -4 + 3 - 4 + 2*l + 6. Let p = 27 - 13. Suppose -3*m - 2*n - p = -m, -2*m = 3*n + 19. What is x(m)?
-3
Suppose -4*i = -m + 25, 5*i + 2*m = 5*m - 40. Let j(l) = -l. Give j(i).
5
Suppose -15*n + 16*n = -3. Let b(h) = 2*h. Give b(n).
-6
Let b(f) = -39*f**2 + 40*f**2 + 2 - 3 - 5*f + 5. Determine b(6).
10
Let u be 1*(-1 + 2)*-17. Let i = u - -12. Let r = i - -7. Let m(y) = -2*y + 1. Determine m(r).
-3
Let r(m) = 5*m + 192 + m - 7*m**2 - m**3 - 203. Calculate r(-8).
5
Let i(g) be the third derivative of -g**6/120 - g**5/12 - g**3/6 - g**2. Let l be 8/(-24) + 26/(-3). Let m = l + 4. Give i(m).
-1
Suppose 0 = 2*a - 3*z - 9, -z - 4*z - 15 = -a. Let g(y) = y + 14. Determine g(a).
14
Let f = 23 - 27. Let i(w) = -4 + 6*w - 3 + 3 + 3*w**2 - 2*w**2. What is i(f)?
-12
Let m be (13 - 18)*(-2 + 1). Let o(r) = 3. Let s(k) = k + 6. Let l(n) = 5*o(n) - 2*s(n). Give l(m).
-7
Let i(d) = 3 - 7*d + d**2 + 2*d**2 - 5*d**2. Let w(o) = 3*o**2 + 7*o - 2. Let n(u) = -4*i(u) - 3*w(u). Calculate n(6).
0
Let y(x) = -7*x + 2. Let r(g) = -13*g + 3. Let d(f) = 3*r(f) - 5*y(f). Let u be (-3)/(-2)*32/12. Let q = u + -6. Calculate d(q).
7
Suppose 2*v + 13 = 1. Let m(x) = x**2 + 5*x - 5. Give m(v).
1
Let z(p) = p - 6. Let c(x) = -x**3 - 10*x**2 + x + 10. Let i be c(-10). Calculate z(i).
-6
Let w(u) = -u**2 - u. Let s(f) = f**2 - 3. Let c(n) = -s(n) - 2*w(n). Let a = 3 + 12. Let d be (-3 - 2)*12/a. Determine c(d).
11
Let j be 4 + -3 + (-6)/9. Let w(b) be the first derivative of -1/4*b**4 + 1/2*b**2 - j*b**3 + 1 + b. Calculate w(-2).
3
Suppose -5*u - 3 = -h, u = -0*h - h + 9. Let i(a) = -a**2 + a + 10 - h + 0*a**2. Give i(0).
2
Let y(o) = -o**3 - 4*o**2 + 3. Suppose 4*l + 0*l - 2*r + 8 = 0, 0 = 3*l - 5*r - 1. Give y(l).
-6
Suppose -11 = -5*y + 4. Suppose 0*u - u + y = 0. Let i(x) be the first derivative of x**3/3 - 2*x**2 - 3. Give i(u).
-3
Let l(s) = -2*s**3 + 6*s**2. Let h be l(3). Let r(x) be the third derivative of -1/60*x**5 + x**2 + 0*x + 1/6*x**4 + h + 1/3*x**3. Calculate r(4).
2
Let s = 1 - -1. Let i(h) = 3*h + h**3 + 5*h**2 - s*h - h + h - 3. Let v = -3 + -2. Calculate i(v).
-8
Let t(p) be the first derivative of -p**4/4 + 5*p**3/3 - p**2/2 - 5*p + 16. Suppose -3*v - 3 = -4*u - u, v - 2*u + 2 = 0. Give t(v).
7
Let i be (-2)/7 + (-30)/(-7). Let m(c) = 3*c**3 - 3*c**2 + 2*c + 4. Let v(p) = -10*p**3 + 8*p**2 - 5*p - 13. Let g(w) = 7*m(w) + 2*v(w). Give g(i).
2
Let r = 7 - 5. Let i(v) = 2 - 7*v + 6*v**2 + v**2 - 3*v**r - 3*v**2. Determine i(5).
-8
Let f(y) = y**3 + 4*y**2 + 2*y - 1. Let c be f(-2). Suppose -16 = -3*s - 2*o, -2*s - 5*o + 14 = -s. Let t(d) = -c + 2 + s*d - 5*d. Determine t(2).
-3
Let g(f) = 5*f + 5. Let x(o) = 9*o + 10. Let d(a) = 5*g(a) - 3*x(a). Give d(-5).
5
Suppose -4*y + 3*n + 58 = -2*n, 5*y - 52 = -4*n. Let u(i) = -4*i - 3*i + 6 + y*i - i**2. Calculate u(5).
6
Let k(w) = -w**3 + 6*w**2 - 3*w - 4. Let v(i) be the third derivative of i**6/120 - i**4/24 - i**3/6 - 2*i**2. Let q be v(2). What is k(q)?
6
Let l(k) = k + 5. Suppose -3*v = -0*v - m + 51, -2*v - 3*m = 45. Let h = v - -13. Let i be (0 - h)*-1*1. Calculate l(i).
0
Let r be (-2)/((8/(-6))/2). Suppose r*k = -3*k + 18. Let l(j) = 2*j**3 - 4*j**2 - 2*j + 2. What is l(k)?
14
Let m(f) be the first derivative of -f**3 + f**2 + 2*f - 55. Suppose -5*g - 3*j + 16 = 0, 2*g + 4 = 3*j + 2. What is m(g)?
-6
Suppose -2*i - 3 = 7. Let w(q) = -q - 1. Give w(i).
4
Let a(k) = -2*k - 38. Let b(v) = v + 20. Let j(y) = -6*a(y) - 11*b(y). Calculate j(-4).
4
Let m(i) = 3*i - 7. Let s(r) = 2*r - 6. Let u(w) = -3*m(w) + 4*s(w). What is u(-4)?
1
Let m(i) = -i**2 + 6*i - 2. Let z be 3 - (-8)/((-8)/(-4)). Determine m(z).
-9
Let x = -3 + 3. Suppose 5*o + 3 = -3*c, 3*c - c - 5*o + 27 = x. Let d be (2/c)/((-3)/9). Let a(l) = 6*l + 1. Determine a(d).
7
Suppose 4*n - 5 = 3. Let f(g) = 2*g**2 - 4*g + 2. Calculate f(n).
2
Let n = 3 + 1. Suppose -12 = 3*b - 2*g, -3*b + n*g - 7*g = -3. Let f(o) = -2*o - 3. Let v(u) = -2*u - 3. Let y(s) = 3*f(s) - 2*v(s). Give y(b).
1
Let d(v) = 2*v + 2 + 4*v**2 - 5*v - v**3 - v**2. What is d(2)?
0
Let t(f) = -f**2 + 8*f + 2. Let g be t(8). Let l(h) be the second derivative of -h + 5/6*h**3 + 0 + 0*h**g. Give l(-1).
-5
Let r = 3 - -6. Let k(p) = 1 + p + r + 2 + 0. Let h be k(-9). Let a(v) = v**3 - 2*v**2 - 3*v - 2. Determine a(h).
-2
Let k(b) = b**3 + 3*b**2 - 4*b + 1. Let l be (-2)/4*10 - -1. Calculate k(l).
1
Let n(y) be the first derivative of -17*y**3/3 - y**2/2 + y - 69. What is n(1)?
-17
Let h = -8 + 6. Let q(y) = -6*y + 2. What is q(h)?
14
Let x(c) = -c. Let t(a) = -2 + 2*a + 2. Let n(v) = 4*t(v) + 7*x(v). Suppose -4*j + 6*j - 12 = -3*b, 0 = j - 3. Calculate n(b).
2
Let s(a) = a**3 + 8*a**2 - 2*a - 1. Let r = -15 - -7. Let p be s(r). Suppose 5*f - p = 2*f. Let d(w) = -w**2 + 7*w - 2. Determine d(f).
8
Suppose -2*b - 5 = -1. Let f(z) = z + 3. Determine f(b).
1
Let l(z) = -z**3 - 2*z**2. Let t = -12 + 9. Calculate l(t).
9
Suppose 11 = 3*k + k - 3*f, -5*k - 3*f = -7. Suppose 0 = -p + 2. Suppose -k*g - p*h = -0 + 4, -h = 3*g + 8. Let o(m) = -2*m**2 - 3*m + 4. Calculate o(g).
-5
Let w be ((-16)/10)/((-4)/10). Let y(t) be the second derivative of -t**5/20 + 5*t**4/12 - 2*t**3/3 + t**2 + 38*t. What is y(w)?
2
Let b(r) = -r - 3. Let z be 1 + (10/(-4))/(6/12). Determine b(z).
1
Suppose -35*f + 33*f - 10 = 0. Let h(j) = 2*j - 2. Let m(z) = -z + 1. Let q(i) = -2*h(i) - 5*m(i). Calculate q(f).
-6
Let d(p) = -p + 6. Suppose 6*c + 9*c = -2*c. What is d(c)?
6
Let d = -11 + 45/4. Let g(b) be the first derivative of -3/2*b**2 - 5/3*b**3 - d*b**4 + 1 + 4*b. Calculate g(-3).
-5
Let w(s) = -s**2 - 4*s + 1. Let o(r) be the first derivative of r**3/3 - 5*r - 5. Let v be o(0). Determine w(v).
-4
Let v = -15 - -9. Let x = 3 + v. Let d(a) = a**2 + 4*a. Determine d(x).
-3
Let b(r) = -r**2 - 6*r - 4. Let s = -10 + 15. Suppose 4*p + 5*n = 75, -100 = -10*p + 5*p - s*n. Suppose -4*h - p = h. Give b(h).
1
Let i(o) = -o - 2. Let u be i(-2). Let c(n) be the second derivative of -n**3/6 + 3*n**2 - 4*n. What is c(u)?
6
Suppose 3*k - 10 = -13. Let j(w) = 4*w**2 - 2*w - 1. Give j(k).
5
Let n(p) be the third derivative of -p**8/2520 + p**6/720 + p**5/20 + 2*p**2. Let a(r) be the third derivative of n(r). Give a(-1).
-7
Let h(x) be the third derivative of 7*x**6/120 + 12*x**2. What is h(1)?
7
Let i(u) = -3*u - 1 + 0*u + 2*u. Suppose -3*t = -2 + 20. Calculate i(t).
5
Let q(l) be the third derivative of -l**7/840 + l**6/45 - 3*l**5/40 + 5*l**4/12 + 5*l**3/6 - 3*l**2. Let s(n) be the first derivative of q(n). Determine s(7).
-4
Let m(a) = -3*a - 4*a - 11 + 10 - a**3 + 8*a**2. Calculate m(6).
29
Let z(m) = m**3 + m**2 - 3*m - 1. Suppose 60 = 6*d - 3*d. Suppose d = -2*n + 6*n, -3*y = 4*n - 35. Suppose y*s - 3*o + 5 = 2*o, 6 = -s - 4*o. Calculate z(s).
1
Let g(h) be the third derivative of -h**6/120 + h**4/24 + h**3/6 + 3*h**2. Calculate g(2).
-5
Suppose -3*s + 9 = -9. Let i(q) = q**2 - 8*q + 1. Calculate i(s).
-11
Let a(q) be the third derivative of -q**5/60 - 7*q**4/24 - 3*q**3/2 - q**2. Suppose i = 3*i + 12. Determine a(i).
-3
Suppose 48 = -0*q + 8*q. Let n(a) = a - 6. Give n(q).
0
Let d(n) be the first derivative of 2*n**2 - 3*n + 1. Let w be (-1)/(-6) - 62/12. Let z(y) = -y**3 - 4*y**2 + 4*y - 3. Let u be z(w). Give d(u).
5
Let d = 18 + -14. Let n(s) = s**3 - 3*s**2 - 4*s - 4. Calculate n(d).
-4
Let b(v) = v**3 - 5*v**2 - 4*v - 5. Suppose -3*j + 4*u + 34 = 0, 5*j = 5*u + 33 + 17. Give b(j).
7
Let n(i) = -2*i. Let h(k) = -1. Suppose 4*l - 18 - 34 = 0. Suppose -5*v + 3 = l. Let s(o) = v*h(o) + n(o). Determine s(2).
-2
Let g(b) = 3*b**3 - 9*b**2 - 7*b - 12. Let z(n) = 2*n**3 - 4*n**2 - 4*n - 6. Let i(x) = 3*g(x) - 5*z(x). Let r(s) = 9*s - 34. Let f be r(3). Give i(f).
1
Let b(q) = -7*q + q - 3 + q. Give b(-3).
12
Suppose -7*g - g = -8. Let d(r) = 14*r**2 + r. Determine d(g).
15
Suppose -2*v + 7 = -a, -v + 1 = -a - 2*a. Let c(l) = -5*l - 6. Let t(x) = x + 1. Let n(h) = a*c(h) + 6*t(h). Calculate n(-5).
-5
Let m(r) = r**2 - 7*r + 6. Let x(s) = 9*s + 8 - 6*s**2 + 5*s - 20 + 4*s**2. Let p(g) = -5*m(g) - 3*x(g). Calculate p(4).
-6
Let p(x) = 7*x**2 + 13*x - 5. Let f(v) = -43*v**2 + 10 + 3*v - 30*v + 28*v**2. Let m(g)